a?
1
Suppose 37*c - 38*c + 225 = -4*s, -4*c = -5*s - 933. What is the hundreds digit of c?
2
Let a(x) = x**3 + x**2 + 2*x + 2. Let g be a(-1). Suppose -h + m + 126 = g, 2*m + 14 = h - 116. What is the units digit of h?
2
Let m = -488 + 552. What is the units digit of m?
4
Let j = 18 - -24. Suppose -6*v = 5*v + 77. What is the units digit of 12/j + (-222)/v?
2
Suppose -204*l + 205*l = 3, -3*l = 2*y - 677. What is the units digit of y?
4
Let p = -2595 + 4605. What is the thousands digit of p?
2
Let r = 25 - 7. Suppose 2*n = 128 + r. Suppose 0 = 3*g - n - 14. What is the units digit of g?
9
Let m(z) = 10*z**2 + 7*z - 7. What is the tens digit of m(-8)?
7
Suppose 3*o + o + 140 = 0. Let r be 3235/55 - (-4)/22. Let n = r + o. What is the units digit of n?
4
What is the tens digit of (-1 + (-76)/8)*-44?
6
Suppose 5*b - 4*s + s = -56, 2*s + 32 = -2*b. Let n = 18 + b. Suppose n*u - 3*u = 10. What is the units digit of u?
5
Let f(t) = t + 7. Let p be f(-3). Suppose 5 = 3*y - p. Suppose -y*o + 66 = -0*o. What is the tens digit of o?
2
Suppose -c + 16 = 3*c. Suppose -2*r = -6*r + 2*g + c, 3*r - 2*g - 4 = 0. What is the units digit of (-18)/(-9) - (-32 - r)?
4
Let q be (2 + -1)/((-1)/(-5)). Let h(v) = 2*v**3 - 3*v**2 - 3*v - 10. What is the tens digit of h(q)?
5
Let c = -252 - -146. Let s = c + 179. What is the units digit of s?
3
What is the tens digit of (258/15)/(-1)*-25?
3
Suppose 5*b - 17691 = 3*z, 10623 = 3*b - 433*z + 434*z. What is the tens digit of b?
4
Suppose -7*w + 2*w = 5*b - 1780, 0 = -2*w + 2*b + 696. What is the tens digit of w?
5
What is the thousands digit of 255/25 + -9 + (-21708)/(-10)?
2
Let c be -2*4*(-9)/(-6). Let d = 0 + c. What is the tens digit of 3/d - (-242)/8?
3
Let d = -37 + 33. What is the tens digit of d/(-10) + 283/5?
5
Suppose 10*w = -6 + 36. What is the units digit of w?
3
Suppose 4*b + 289 = -3*o + 1215, 25 = 5*b. What is the tens digit of o?
0
Let k = -3 - -4. What is the units digit of k*(4 + -2 + 82)?
4
What is the thousands digit of (33/22)/((-31452)/7864 + 4)?
2
Let l = 0 - -414. What is the tens digit of l?
1
Suppose 5*p = 7*v - 4*v - 171, 72 = -2*p + 3*v. Let x = p + 50. Suppose -2*t = -x - 61. What is the units digit of t?
9
Let u(b) = -172*b - 72. What is the hundreds digit of u(-5)?
7
Suppose 601 + 10494 = 5*j. What is the units digit of j?
9
Suppose -4*q - 4 = -3*o, -4*q + 11 - 3 = 0. Suppose -5*z = -6 - o. Suppose z*s = 35 + 1. What is the tens digit of s?
1
Let b = -342 + 726. What is the units digit of b?
4
Suppose -8*s + 1101 = 117. What is the hundreds digit of s?
1
Let p(q) = 296*q - 8. Let y be p(3). Suppose -8*c + 3*c = -y. What is the units digit of c?
6
Let g(p) = -104*p + p**3 + 58*p - 28 + 15*p**2 + 52*p. What is the units digit of g(-14)?
4
Let v = 4 + -6. Let y be ((-9)/15)/(v/250). Let k = y + -30. What is the units digit of k?
5
What is the units digit of (6 + 69/(-12))*-4 + 1602?
1
Suppose -217 = -5*r + 3*l + 1003, 5*l = 0. What is the hundreds digit of r?
2
Let h(j) = 51*j**3 - 18*j**2 + j - 1. What is the units digit of h(3)?
7
Suppose -6*x = 59 - 53. Let b = 2 - 1. What is the tens digit of -5 - x - -44 - b?
3
Let o be (9/(-2))/(20/(-40)). Suppose -o*k = -3*k - 24. Suppose 2*z + k*s + 0*s - 70 = 0, -3*s = 2*z - 70. What is the units digit of z?
5
Let b = 735 - 1031. Let d = b - -483. What is the hundreds digit of d?
1
Let m be (-5)/((-10)/44) + 0. Let t = 2 + 2. Suppose t*j - 2 = m. What is the units digit of j?
6
Suppose 14*u - 275 = 9*u. What is the units digit of u?
5
Let m be ((-11)/22)/((-2)/(-892)). Let j = m - -510. What is the units digit of j?
7
Let p be 4/(-3) + (-7)/(-21). What is the tens digit of (100 + -3)/(2 + 0 + p)?
9
Suppose 4*t = 5*t + 203. Let s = -91 - t. What is the hundreds digit of s?
1
Let h(f) = f - 11. Let l be h(-9). What is the units digit of l/(0 - -5)*-19?
6
Let t = 132 + 98. What is the units digit of t?
0
Let j = 760 - 543. What is the tens digit of j?
1
Let o(h) = h**3 + 7*h**2 - 10*h - 2. Let v be o(-10). Let z = -118 - v. Let r = z - 33. What is the units digit of r?
1
What is the units digit of (32 - 9) + 6 + -4?
5
Let g(q) = -10 + 2*q**2 + 2*q + q**3 + 13 - 4 + 0*q. Let f(a) = -2*a. Let t be f(-1). What is the tens digit of g(t)?
1
Suppose 0 = 3*f - 6 - 9. Suppose a - f*k = -2*a + 128, a - 44 = 2*k. Suppose -x - x + a = 0. What is the tens digit of x?
1
Let z = 69 + -79. What is the units digit of 5/((-125)/60)*z?
4
Suppose -2*s - 33 = -5*s. Let q = 15 - s. Suppose 25 = q*l + 1. What is the units digit of l?
6
Let v = 5 + -3. Let w(j) = j**3 + 13*j**2 - 30*j + 1. Let i be w(-15). What is the tens digit of 2/v + i + 22?
2
Suppose 4*h = -4*g + 2740, 3*h + 3397 = 5*g + h. What is the tens digit of g?
8
Let o be -9*(0 - 34/(-3)). Let f be (-1)/((4/o)/(-2)). Let q = -17 - f. What is the units digit of q?
4
Let h = -16 - -21. Suppose -4*s - h*z + 2*z = -26, -4*z - 2 = -2*s. Suppose m = 5*o - 165, 3*o + s*m - 76 = m. What is the units digit of o?
2
Suppose 4*h = 9*h - 23005. What is the units digit of h?
1
What is the units digit of 335 - ((-52)/24 + 4/24)?
7
Let y be 9/(-1 - 2) + (-1 - -4). Let f = y + 25. What is the units digit of f?
5
Let m be 1 - (0 + 3) - -277. Suppose -n + m = 4*n. What is the units digit of n?
5
Suppose -l - 1624 = -4*w, -3*l = 4*w - 5*w + 395. What is the tens digit of w?
0
Let u = 60 + 20. Suppose 3*r + f - 14 = u, -5*f - 100 = -4*r. Suppose -2*o + r = o. What is the units digit of o?
0
Suppose -2*i - 3*j - 1 = -2, -2*i - 5*j = -7. Let x(z) = -3*z**2 - 3*z + 2. Let o be x(i). Let d = 47 + o. What is the tens digit of d?
1
Suppose -5*o = -20, -1 = -5*z + 4*o - 2. Suppose -19 = -z*k + 2. Suppose 14 = 2*y + 2*j, -k*j + 3*j + 21 = 3*y. What is the units digit of y?
7
Let x(k) = 20*k**3 - 8*k**2 + 16*k - 9. What is the thousands digit of x(6)?
4
Let v = 541 - 368. What is the units digit of v?
3
Let b(r) = 4*r + 2. Suppose 2*x = 5*g - 2, 0*g - 3*g = -5*x + 14. Let d be b(g). Suppose -d*z = -5*z - 30. What is the units digit of z?
6
Let i = 0 + -1. Let r = i + 10. Suppose 7*g - r*g = -50. What is the tens digit of g?
2
Suppose 0*h - 4*h - 14 = -3*y, 2*h = -4*y + 4. Suppose -5*t + 5 = 0, 3*t + 3 - 10 = -v. Suppose -15 = -3*p, -y*p = 5*c - v*p - 90. What is the tens digit of c?
2
Suppose 7*w - 4*w = 3*d + 36, -4*d = 0. Suppose -3*n = -0*n - w. Suppose n*x + 2*z - 36 = -0*z, -5*z + 2 = 2*x. What is the tens digit of x?
1
What is the units digit of (1 + -5)/((-8625)/(-2157) + -4)?
6
Let f(p) be the first derivative of p**5/60 + p**3 + p**2 - 8. Let m(c) be the second derivative of f(c). What is the units digit of m(5)?
1
Suppose 0 = 5*m - 694 - 711. What is the units digit of m?
1
Let h be 4*((-1358)/4)/7. What is the units digit of h/(-4) + (-6)/4?
7
Let m = -8 - -10. Suppose -m*c + c = 5*b, -c = -5*b + 10. Let g(t) = 12*t**3 - t**2 + 1. What is the units digit of g(b)?
2
Suppose n + 2 = 2*k, k + 5*n - 11 = 1. Let r be (24/(-40))/(k/(-10)). What is the units digit of (r/(-6))/(6/(-36))?
3
Let t(f) = f**3 - 29*f**2 + 38*f + 49. Let k be 27 + (-2 + -4)/(-6). What is the hundreds digit of t(k)?
3
Let w(q) be the third derivative of -2/15*q**5 + 1/120*q**6 + 3*q**2 + 0*q - 5/24*q**4 - 2/3*q**3 + 0. What is the tens digit of w(9)?
3
Suppose 6*w - 93 = -15. Let r(t) = -t**2 + 23*t + 29. What is the hundreds digit of r(w)?
1
Suppose 0*u = -6*u + 306. Let f = 112 - u. What is the tens digit of f?
6
What is the units digit of (-2961)/(-6) + (14/4)/(-7)?
3
Let q(m) = 2*m**2 + 45*m - 33. What is the units digit of q(-30)?
7
Suppose -3*n = -5 - 7. Suppose 5*m + 454 = 8*j - n*j, 578 = 5*j - m. What is the hundreds digit of j?
1
Suppose 7*o - 76 = 5*o. Let n = o - -23. What is the tens digit of n?
6
Let v(p) = 9*p + 8. Let m(l) = -26*l - 23. Let t(x) = 4*m(x) + 11*v(x). Let f be t(-8). Suppose 0*h + f = 2*h. What is the tens digit of h?
1
Let m(g) = g**3 - 11*g**2 + 22*g + 12. Let k be m(8). What is the tens digit of (130/k)/((-4)/8)?
6
Let o = 19 + -17. Suppose 4*m + 390 = -o*m. What is the tens digit of (5 + m)*12/(-15)?
4
What is the tens digit of ((2 - 0) + 0)/((-24)/(-3396))?
8
Let q(d) = 3*d - 6. Let a = 31 + -27. What is the units digit of q(a)?
6
Suppose 5*f = -0*f + 325. Let i = -29 + f. What is the units digit of i?
6
Suppose -22*g - 1118 = 